divided by 81407.
15
Calculate the remainder when 7201 is divided by 805.
761
What is the remainder when 6916 is divided by 3378?
160
What is the remainder when 45061 is divided by 14392?
1885
What is the remainder when 2808944 is divided by 15519?
5
Calculate the remainder when 1589 is divided by 262.
17
Calculate the remainder when 38111666 is divided by 796.
778
Calculate the remainder when 76231 is divided by 38112.
7
What is the remainder when 245717 is divided by 11691?
206
Calculate the remainder when 3725934 is divided by 1405.
1279
What is the remainder when 406627 is divided by 134824?
2155
Calculate the remainder when 8122309 is divided by 4013.
4010
Calculate the remainder when 37743523 is divided by 182.
181
Calculate the remainder when 2507298 is divided by 69647.
6
What is the remainder when 1732875 is divided by 339?
246
What is the remainder when 31698029 is divided by 182?
181
Calculate the remainder when 73770264 is divided by 42.
36
What is the remainder when 105291526 is divided by 228?
214
Calculate the remainder when 81866654 is divided by 2021.
2007
Calculate the remainder when 7829804 is divided by 1107.
1100
Calculate the remainder when 20314777 is divided by 64.
25
Calculate the remainder when 1350011 is divided by 4079.
3941
Calculate the remainder when 5023722 is divided by 20589.
6
Calculate the remainder when 746372 is divided by 4242.
4022
What is the remainder when 21925267 is divided by 2740657?
11
What is the remainder when 446957 is divided by 20316?
5
Calculate the remainder when 10678822 is divided by 10678758.
64
What is the remainder when 186207 is divided by 37231?
52
What is the remainder when 42002 is divided by 275?
202
What is the remainder when 2528379 is divided by 74364?
3
What is the remainder when 668443 is divided by 668442?
1
What is the remainder when 8359 is divided by 817?
189
Calculate the remainder when 3425172 is divided by 1712581.
10
Calculate the remainder when 170350 is divided by 5479.
501
Calculate the remainder when 74224 is divided by 165.
139
What is the remainder when 488715 is divided by 40?
35
What is the remainder when 2301544 is divided by 81?
10
Calculate the remainder when 78336 is divided by 131.
129
What is the remainder when 11986679 is divided by 3995554?
17
Calculate the remainder when 249709532 is divided by 24.
20
What is the remainder when 1780221 is divided by 202?
197
What is the remainder when 2891585 is divided by 98?
95
What is the remainder when 4032276 is divided by 57?
39
Calculate the remainder when 15161624 is divided by 100.
24
What is the remainder when 314710525 is divided by 1903?
1900
What is the remainder when 21834840 is divided by 4366965?
15
What is the remainder when 110778325 is divided by 2644?
13
What is the remainder when 4319481 is divided by 81499?
34
What is the remainder when 143028383 is divided by 148?
147
What is the remainder when 61631660 is divided by 56?
20
What is the remainder when 2088377 is divided by 110?
27
Calculate the remainder when 293402 is divided by 9154.
474
Calculate the remainder when 746193 is divided by 248720.
33
What is the remainder when 31802392 is divided by 233841?
16
What is the remainder when 2964632 is divided by 7178?
118
What is the remainder when 208588 is divided by 52103?
176
What is the remainder when 21044 is divided by 98?
72
What is the remainder when 68087 is divided by 1196?
1111
What is the remainder when 74043 is divided by 10134?
3105
Calculate the remainder when 9042268 is divided by 11.
4
What is the remainder when 760570 is divided by 1253?
1252
Calculate the remainder when 61515564 is divided by 16.
12
What is the remainder when 333297 is divided by 47521?
650
What is the remainder when 3676964 is divided by 587?
583
What is the remainder when 160195 is divided by 2078?
189
Calculate the remainder when 65424 is divided by 21719.
267
What is the remainder when 927229 is divided by 1829?
1755
What is the remainder when 2273160 is divided by 472?
8
What is the remainder when 59634 is divided by 9302?
3822
Calculate the remainder when 234852794 is divided by 560.
554
What is the remainder when 15627038 is divided by 15627021?
17
What is the remainder when 21366 is divided by 21347?
19
What is the remainder when 253021 is divided by 2115?
1336
What is the remainder when 205659 is divided by 1667?
618
What is the remainder when 385475 is divided by 5572?
1007
What is the remainder when 47589999 is divided by 15863323?
30
Calculate the remainder when 1176074 is divided by 305.
299
Calculate the remainder when 29387 is divided by 9636.
479
Calculate the remainder when 4110841 is divided by 75.
16
What is the remainder when 794978 is divided by 1688?
1618
Calculate the remainder when 7594073 is divided by 2.
1
What is the remainder when 2571289 is divided by 89?
79
Calculate the remainder when 26053717 is divided by 28.
25
What is the remainder when 4823728 is divided by 814?
778
Calculate the remainder when 132785 is divided by 1199.
895
Calculate the remainder when 1104153 is divided by 157632.
729
What is the remainder when 211134 is divided by 1106?
994
What is the remainder when 42190 is divided by 36144?
6046
What is the remainder when 6854042 is divided by 7066?
22
Calculate the remainder when 3652581 is divided by 411.
24
What is the remainder when 279123 is divided by 55801?
118
Calculate the remainder when 32928 is divided by 32647.
281
What is the remainder when 829882 is divided by 1073?
453
Calculate the remainder when 631203 is divided by 105093.
645
What is the remainder when 2275775 is divided by 26?
21
What is the remainder when 238059728 is divided by 477?
476
What is the remainder when 927012 is divided by 2952?
84
What is the remainder when 31452335 is divided by 293947?
6
Calculate the remainder when 137005 is divided by 27389.
60
What is the remainder when 18169161 is divided by 108?
105
Calculate the remainder when 428330311 is divided by 1292.
11
Calculate the remainder when 16283012 is divided by 69.
47
Calculate the remainder when 24263976 is divided by 1877.
1874
Calculate the remainder when 185350136 is divided by 3015.
3011
Calculate the remainder when 34814275 is divided by 20.
15
What is the remainder when 888939359 is divided by 1440?
1439
What is the remainder when 10248474 is divided by 46?
42
What is the remainder when 11103932 is divided by 47452?
164
Calculate the remainder when 1012695 is divided by 24.
15
What is the remainder when 29732561 is divided by 120864?
17
Calculate the remainder when 244163627 is divided by 371.
365
What is the remainder when 19619155 is divided by 1026?
1009
What is the remainder when 23370 is divided by 22804?
566
Calculate the remainder when 61492 is divided by 1886.
1140
What is the remainder when 143508 is divided by 3115?
218
Calculate the remainder when 9704889 is divided by 12.
9
Calculate the remainder when 12104045 is divided by 15.
5
Calculate the remainder when 1841176 is divided by 4458.
22
What is the remainder when 10105808 is divided by 66051?
5
Calculate the remainder when 83056330 is divided by 39513.
4
Calculate the remainder when 842934 is divided by 140463.
156
What is the remainder when 2810144 is divided by 2444?
1988
What is the remainder when 805645 is divided by 280?
85
Calculate the remainder when 84160 is divided by 557.
53
Calculate the remainder when 7335730 is divided by 64.
50
Calculate the remainder when 20442 is divided by 17659.
2783
What is the remainder when 41914419 is divided by 460598?
1
What is the remainder when 608321 is divided by 1452?
1385
What is the remainder when 384627 is divided by 174?
87
What is the remainder when 272691374 is divided by 43?
37
What is the remainder when 13894531 is divided by 464?
51
Calculate the remainder when 10425327 is divided by 2792.
2791
What is the remainder when 29754124 is divided by 67?
27
What is the remainder when 262061 is divided by 256069?
5992
What is the remainder when 754173 is divided by 181?
127
What is the remainder when 443646 is divided by 51?
48
What is the remainder when 263966 is divided by 87984?
14
Calculate the remainder when 1153124 is divided by 50.
24
Calculate the remainder when 4815049 is divided by 1605016.
1
What is 